*p = 37 - 1513. List the prime factors of p.
2, 3, 41
Suppose -60 = -3*q + 12. List the prime factors of q.
2, 3
Let x(t) = -t + 2. Suppose 0 = -a + 3, h - a - 2 = -8. Let j = h - -1. What are the prime factors of x(j)?
2
Let w(a) = -a**3 - 5*a**2 - 3*a - 4. Let f be w(-3). Let n = -8 - f. Suppose 2*d = -2*d - n*k + 17, 0 = 4*k - 4. List the prime factors of d.
3
Let q(y) = -y - 9. Let i be q(-11). Let z be 0*(3/(-2) + 1). Suppose p + z*p = i. List the prime factors of p.
2
Let r = 37 - 33. List the prime factors of r.
2
Suppose 2*c - 4*s = 136, 2*c + 5*s - 187 = -24. List the prime factors of c.
2, 37
Let f(l) be the third derivative of l**4/24 + 2*l**3/3 + 2*l**2. Let y be f(5). Suppose 0*u - y = -u. What are the prime factors of u?
3
Suppose -3*y = -2*z + 5 + 38, 0 = 4*z + 5*y - 31. List the prime factors of 10*1*7/z.
5
Suppose -2*f - 3*i = -250, 2*f - 3*i = -0*f + 250. Suppose -f = -5*n - 0. List the prime factors of n.
5
Suppose -a = -2*s + 11, -4*a = -7*a + 9. What are the prime factors of s?
7
Let j(m) = m**3 + 10*m**2 + 5*m + 21. What are the prime factors of j(-7)?
7, 19
Let n(j) = -j. Let c be n(-17). Let g = c - 11. What are the prime factors of g?
2, 3
Let g = 6 - 4. Suppose -5*f + g = -23. Suppose -2*v = 3*v + n - 33, -f*n = v - 21. List the prime factors of v.
2, 3
Suppose 6*o - 9 = 3*o. What are the prime factors of o?
3
Let b = 1 + -1. Suppose 0 = -b*c - 3*c. Suppose 2*f + c*j = -5*j + 17, 0 = -f + 4*j + 15. What are the prime factors of f?
11
List the prime factors of (-2170)/30*(-7 + -1 + 2).
2, 7, 31
Suppose -59 - 80 = -2*h + y, 0 = -4*y + 20. List the prime factors of h.
2, 3
Suppose -20 = 5*k - 10*k. Suppose -123 = -k*r + 81. List the prime factors of r.
3, 17
Let d = 5 - 1. Suppose 3*u - 30 = 2*m - 10, 8 = d*m. List the prime factors of u.
2
Suppose -q = -57 - 20. What are the prime factors of q?
7, 11
Suppose 0 = 4*r + 44 - 8. List the prime factors of (-6)/r + (-20)/(-6).
2
Suppose 296 = 3*v - 340. List the prime factors of v.
2, 53
Let i = 3 - 3. Suppose 12 = p - i. What are the prime factors of p?
2, 3
Suppose 3*y - 191 - 36 = 2*z, -y + 2*z + 81 = 0. What are the prime factors of y?
73
Let v(c) = -14*c**2. Let n be v(-1). Let i = -4 - n. List the prime factors of i.
2, 5
List the prime factors of 0 + (2 - 1)*157.
157
Let x = 23 - -21. What are the prime factors of x?
2, 11
Let c(l) = -l - 2. Let v be c(0). Let j = -4 - v. What are the prime factors of 9 - (3 - j/(-1))?
2
List the prime factors of (-1 - (-2 - -2)) + 27.
2, 13
Let d(t) = t**3 + 4*t**2 + 3*t + 1. Let v be d(-4). Let s(j) = 13 - 6 + 6 + j. What are the prime factors of s(v)?
2
Let z = -168 + 241. Suppose -5*a + z = -42. What are the prime factors of a?
23
Let l = 11 + -49. Let r = -27 - l. List the prime factors of r.
11
Let q(m) = 10*m + 39. List the prime factors of q(18).
3, 73
Let c(g) = -g**3 + 2*g**2 - g. Let y be c(1). Suppose -55 = -3*d + 4*m - 5*m, d - 5*m - 45 = y. What are the prime factors of d?
2, 5
Let n(j) = -19*j**3 - 2*j**2 - 2*j - 1. Suppose 0 = -2*c + 6*c - 8. Let g be 1 - (-5)/((-5)/c). List the prime factors of n(g).
2, 3
Let k = -14 + 10. Let r be (10/k)/(5/(-10)). Suppose q - r = -0*q. What are the prime factors of q?
5
Suppose -13*h = -18*h + 1210. List the prime factors of h.
2, 11
Suppose 0 = u - 5*u + 196. List the prime factors of u.
7
Suppose -5*h + c = -10 + 3, 2*h + c = 7. Suppose 37 = -3*p + 5*x - 19, -2*p - 16 = h*x. Let m = p + 17. List the prime factors of m.
5
Let h(c) be the third derivative of -5*c**4/8 + c**3/6 + 3*c**2. Let l be h(-1). Let r = l + 5. List the prime factors of r.
3, 7
Let f(i) = i**3 - i - 5*i + 0*i**3 - 3*i**2 + 6. Let q be f(4). What are the prime factors of (9/q)/(6/(-8))?
2, 3
Suppose -2*v - 100 = -4*v. Let z = -23 + v. What are the prime factors of z?
3
Let a(x) = -x. Let h(l) = -l + 2. Let c be h(-7). Suppose n = 2*y + 3*y - 23, 3*y - c = -n. What are the prime factors of a(n)?
3
Let k = 4 - 1. Suppose -30 = k*u - 4*u. Let h = -13 + u. List the prime factors of h.
17
Suppose -87 = -2*u + 45. List the prime factors of u.
2, 3, 11
Let y = 72 + -44. Let v be y + -3 + -2 + 2. Let t = -11 + v. What are the prime factors of t?
2, 7
Let k(i) = 41*i - 1. List the prime factors of k(1).
2, 5
Suppose -4*g + 6*g = 8. List the prime factors of (g - 2) + 1 + 33.
2, 3
Suppose 36 = t + 2*t. What are the prime factors of t?
2, 3
Let v(s) = 21*s**2 + s - 2. List the prime factors of v(2).
2, 3, 7
Let p = -313 - -524. List the prime factors of p.
211
Suppose -2*l - 32 = -3*c + 3*l, 0 = 5*l - 10. List the prime factors of c.
2, 7
Suppose j - 4485 = -12*j. What are the prime factors of j?
3, 5, 23
Let l be ((-16)/(-20))/(4/10). Suppose -l*q + 6*q + 51 = 3*t, 2*q = -3*t + 51. List the prime factors of t.
17
Let y = 5 - -3. List the prime factors of y.
2
Let t(b) = b**3 - 2*b**2 + 2. List the prime factors of t(4).
2, 17
Suppose 2*i - 9 = 5. Suppose -i + 31 = k. Suppose -3*x + k = x. List the prime factors of x.
2, 3
Suppose 4*l = -2*z + 276, -2*z + 578 = 2*z - 5*l. What are the prime factors of z?
2, 71
Suppose -6*i = -i - 5*v - 130, 3*i + v - 82 = 0. List the prime factors of i.
3
Suppose -2*i + 0*i + 3*a = -34, -4*a - 68 = -4*i. Let y = 40 - i. Suppose -2*j + y = -19. What are the prime factors of j?
3, 7
Suppose -d = 2 - 4. Suppose 5*k = -3*n + 31, -d*n - 2*n - 5*k = -33. What are the prime factors of 2 - -8 - (2 - n)?
2, 5
Suppose 4*k + 158 - 494 = 0. Suppose 0*x = -4*x + k. What are the prime factors of x?
3, 7
What are the prime factors of 6*(4 - -23) + -2?
2, 5
Let f(s) = -s**2 - 5*s + 7. Let j be f(-5). Let q = -4 + j. Suppose g - 2 = 4*p - 5, q*g - 13 = p. What are the prime factors of p?
2
Let b = 6 - 8. Let f(o) = -10*o + 1. List the prime factors of f(b).
3, 7
Let t be -7*(2 + -1) - -1. Let y be (-3)/(-2)*(t - -4). What are the prime factors of 9*1 + (-6)/y?
11
Let o(a) = 4 + 12*a - 5 + 2. What are the prime factors of o(1)?
13
Let p(s) = -s**3 - s**2 + 7*s - 1. Let r be p(-5). Let y = 106 - r. List the prime factors of y.
2, 3, 7
Suppose 3*s = s - 2*g + 54, -34 = -2*s + 2*g. List the prime factors of s.
2, 11
Let o be 39/12 + (-2)/8. Suppose -o*b + 12 = -0*b. List the prime factors of b.
2
Suppose -2*o + 5*o - 12 = -3*v, 3*o = 3*v. Let f(w) = -w**3 + 3*w**2 - 1. List the prime factors of f(v).
3
Let m(b) = -b**2 - 5*b + 3. Let r be ((-2)/(-6))/((-2)/18). List the prime factors of m(r).
3
Suppose 5*y = 10, 0 = 2*z - z - y - 174. What are the prime factors of z?
2, 11
Let b = 20 + -7. What are the prime factors of b?
13
Let k be 28/14 - (1 + 1). Suppose -z + 15 = -k*z. List the prime factors of z.
3, 5
Suppose -2*y = 2*j - 118, y + 59 = j + 5*y. List the prime factors of j.
59
Let t = -31 - -44. Let a = 18 - t. Let c = 20 - a. List the prime factors of c.
3, 5
List the prime factors of 51/85 + 2094/10.
2, 3, 5, 7
Let h = 3 + -3. Let o(g) = 5 - g + h*g**2 + g**2 + 0*g. What are the prime factors of o(0)?
5
Let h(r) = r**3 - 4*r**2 - 3*r - 7. Let d be (-1 - -2 - 2) + 6. Let k be h(d). Suppose -k = -z + 9. What are the prime factors of z?
2, 3
Suppose 375 = 7*b - 346. What are the prime factors of b?
103
Suppose -2*r - x - 11 = 8, -2*r + x - 13 = 0. List the prime factors of (4/r)/((-2)/52).
13
Let q(f) = f**3 + 11. Let c(a) = -a**3 + 8*a**2 + 4. Let d be c(8). Suppose d*p + z = 4 - 1, -3*z + 9 = 2*p. List the prime factors of q(p).
11
Let i be (-4)/(-10) + (-18)/(-5). Suppose i*q - 5*a = 80 - 31, q = 4*a + 26. List the prime factors of q.
2, 3
Let q(f) = f**3 + 11*f**2 - 5*f - 13. What are the prime factors of q(-11)?
2, 3, 7
Suppose o + 2*o = 2*f - 13, f - 5*o - 17 = 0. Let k be (-21)/7 - (-52)/f. Let r = -16 + k. List the prime factors of r.
7
Suppose 9*d - 66 = -2*d. Let t = -1 - -3. Suppose t*w = 2 + d. What are the prime factors of w?
2
Suppose 0 = 6*d - d + 25, 3*n + 3*d + 6 = 0. Suppose -t + 24 = n*t. What are the prime factors of t?
2, 3
Let w = -6 + 14. Suppose s - w = -d, d - 4*s - 7 - 21 = 0. Suppose 2*j + 2*j = d. What are the prime factors of j?
3
Let q be (0*(-1)/(-3))/2. Suppose 0*o - o + 4 = q. Let k(t) = 3*t - 1. List the prime factors of k(o).
11
Suppose 4*y - 213 = -25. List the prime factors of y.
47
Let l be (-4)/(-8) + 99/2. Suppose 4*w - l - 2 = 0. What are the prime factors of 